{"id":39,"date":"2022-01-20T01:47:36","date_gmt":"2022-01-20T01:47:36","guid":{"rendered":"http:\/\/transportallaire.com\/?page_id=39"},"modified":"2025-03-04T15:14:22","modified_gmt":"2025-03-04T15:14:22","slug":"loc","status":"publish","type":"page","link":"https:\/\/transportallaire.com\/?page_id=39","title":{"rendered":"Manutention"},"content":{"rendered":"\t\t<div data-elementor-type=\"wp-page\" data-elementor-id=\"39\" class=\"elementor elementor-39\">\n\t\t\t\t\t\t<section class=\"elementor-section elementor-top-section elementor-element elementor-element-0740b75 elementor-section-boxed elementor-section-height-default elementor-section-height-default\" data-id=\"0740b75\" data-element_type=\"section\" data-e-type=\"section\">\n\t\t\t\t\t\t<div class=\"elementor-container elementor-column-gap-default\">\n\t\t\t\t\t<div class=\"elementor-column elementor-col-100 elementor-top-column elementor-element elementor-element-d36ae2f\" data-id=\"d36ae2f\" data-element_type=\"column\" data-e-type=\"column\">\n\t\t\t<div class=\"elementor-widget-wrap elementor-element-populated\">\n\t\t\t\t\t\t<div class=\"elementor-element elementor-element-9ef1352 elementor-widget elementor-widget-heading\" data-id=\"9ef1352\" data-element_type=\"widget\" data-e-type=\"widget\" data-widget_type=\"heading.default\">\n\t\t\t\t<div class=\"elementor-widget-container\">\n\t\t\t\t\t<h2 class=\"elementor-heading-title elementor-size-default\">Service de location d'\u00e9quipements lourds avec service m\u00e9canique<\/h2>\t\t\t\t<\/div>\n\t\t\t\t<\/div>\n\t\t\t\t<section class=\"elementor-section elementor-inner-section elementor-element elementor-element-922a0c0 elementor-section-boxed elementor-section-height-default elementor-section-height-default\" data-id=\"922a0c0\" data-element_type=\"section\" data-e-type=\"section\">\n\t\t\t\t\t\t<div class=\"elementor-container elementor-column-gap-default\">\n\t\t\t\t\t<div class=\"elementor-column elementor-col-50 elementor-inner-column elementor-element elementor-element-114da9c\" data-id=\"114da9c\" data-element_type=\"column\" data-e-type=\"column\">\n\t\t\t<div class=\"elementor-widget-wrap elementor-element-populated\">\n\t\t\t\t\t\t<div class=\"elementor-element elementor-element-064aa0a elementor-widget__width-initial elementor-widget elementor-widget-text-editor\" data-id=\"064aa0a\" data-element_type=\"widget\" data-e-type=\"widget\" data-widget_type=\"text-editor.default\">\n\t\t\t\t<div class=\"elementor-widget-container\">\n\t\t\t\t\t\t\t\t\t<p>\u0152uvrant dans le secteur d&rsquo;activit\u00e9 de manutention depuis 1978, nous sommes en mesure de r\u00e9pondre aux diverses exigences de nos nombreux clients.<\/p><p>Nous offrons la location d\u2019\u00e9quipements lourds sans op\u00e9rateur ou avec op\u00e9rateur dans la r\u00e9gion de l\u2019Abitibi-T\u00e9miscamingue. Nous vous appuyons dans vos projets d\u2019impartition en besoins de machineries lourdes (et accessoires) en fournissant le support technique et le service m\u00e9canique.<\/p>\t\t\t\t\t\t\t\t<\/div>\n\t\t\t\t<\/div>\n\t\t\t\t\t<\/div>\n\t\t<\/div>\n\t\t\t\t<div class=\"elementor-column elementor-col-50 elementor-inner-column elementor-element elementor-element-7ee7191\" data-id=\"7ee7191\" data-element_type=\"column\" data-e-type=\"column\">\n\t\t\t<div class=\"elementor-widget-wrap elementor-element-populated\">\n\t\t\t\t\t\t<div class=\"elementor-element elementor-element-51695a8 elementor-widget elementor-widget-image\" data-id=\"51695a8\" data-element_type=\"widget\" data-e-type=\"widget\" data-widget_type=\"image.default\">\n\t\t\t\t<div class=\"elementor-widget-container\">\n\t\t\t\t\t\t\t\t\t\t\t\t\t\t\t<img decoding=\"async\" src=\"http:\/\/transportallaire.com\/wp-content\/uploads\/2022\/01\/2-equipement-p2.jpeg\" title=\"\" alt=\"\" loading=\"lazy\" \/>\t\t\t\t\t\t\t\t\t\t\t\t\t\t\t<\/div>\n\t\t\t\t<\/div>\n\t\t\t\t\t<\/div>\n\t\t<\/div>\n\t\t\t\t\t<\/div>\n\t\t<\/section>\n\t\t\t\t<section class=\"elementor-section elementor-inner-section elementor-element elementor-element-c7bdffc elementor-section-boxed elementor-section-height-default elementor-section-height-default\" data-id=\"c7bdffc\" data-element_type=\"section\" data-e-type=\"section\">\n\t\t\t\t\t\t<div class=\"elementor-container elementor-column-gap-default\">\n\t\t\t\t\t<div class=\"elementor-column elementor-col-50 elementor-inner-column elementor-element elementor-element-61fcb9e\" data-id=\"61fcb9e\" data-element_type=\"column\" data-e-type=\"column\">\n\t\t\t<div class=\"elementor-widget-wrap elementor-element-populated\">\n\t\t\t\t\t\t<div class=\"elementor-element elementor-element-62b7bb6 elementor-widget elementor-widget-image\" data-id=\"62b7bb6\" data-element_type=\"widget\" data-e-type=\"widget\" data-widget_type=\"image.default\">\n\t\t\t\t<div class=\"elementor-widget-container\">\n\t\t\t\t\t\t\t\t\t\t\t\t\t\t\t<img fetchpriority=\"high\" decoding=\"async\" width=\"1024\" height=\"714\" src=\"https:\/\/transportallaire.com\/wp-content\/uploads\/2022\/02\/IMG_1629-coupe-1024x714.jpeg\" class=\"attachment-large size-large wp-image-376\" alt=\"\" srcset=\"https:\/\/transportallaire.com\/wp-content\/uploads\/2022\/02\/IMG_1629-coupe-1024x714.jpeg 1024w, https:\/\/transportallaire.com\/wp-content\/uploads\/2022\/02\/IMG_1629-coupe-300x209.jpeg 300w, https:\/\/transportallaire.com\/wp-content\/uploads\/2022\/02\/IMG_1629-coupe-768x536.jpeg 768w, https:\/\/transportallaire.com\/wp-content\/uploads\/2022\/02\/IMG_1629-coupe.jpeg 1518w\" sizes=\"(max-width: 1024px) 100vw, 1024px\" \/>\t\t\t\t\t\t\t\t\t\t\t\t\t\t\t<\/div>\n\t\t\t\t<\/div>\n\t\t\t\t\t<\/div>\n\t\t<\/div>\n\t\t\t\t<div class=\"elementor-column elementor-col-50 elementor-inner-column elementor-element elementor-element-53d065a\" data-id=\"53d065a\" data-element_type=\"column\" data-e-type=\"column\">\n\t\t\t<div class=\"elementor-widget-wrap elementor-element-populated\">\n\t\t\t\t\t\t<div class=\"elementor-element elementor-element-3b2501f elementor-widget elementor-widget-text-editor\" data-id=\"3b2501f\" data-element_type=\"widget\" data-e-type=\"widget\" data-widget_type=\"text-editor.default\">\n\t\t\t\t<div class=\"elementor-widget-container\">\n\t\t\t\t\t\t\t\t\t<p>Transport Jean-Louis Allaire est la division de Transport Allaire en manutention des \u00e9quipements. Nous avons v\u00e9cu avec succ\u00e8s l&rsquo;impartition de machinerie sur quatre sites soient, R\u00e9solu Senneterre, Comtois, Lac Clair &amp; Eacom Val-d\u2019Or. Avec notre exp\u00e9rience dans les cours de moulin, nous sommes en mesure d\u2019offrir un transfert le plus transparent possible et des conditions d&rsquo;op\u00e9ration sans aucun impact op\u00e9rationnel.<\/p>\t\t\t\t\t\t\t\t<\/div>\n\t\t\t\t<\/div>\n\t\t\t\t\t<\/div>\n\t\t<\/div>\n\t\t\t\t\t<\/div>\n\t\t<\/section>\n\t\t\t\t<section class=\"elementor-section elementor-inner-section elementor-element elementor-element-6a71a33 elementor-section-boxed elementor-section-height-default elementor-section-height-default\" data-id=\"6a71a33\" data-element_type=\"section\" data-e-type=\"section\">\n\t\t\t\t\t\t<div class=\"elementor-container elementor-column-gap-default\">\n\t\t\t\t\t<div class=\"elementor-column elementor-col-50 elementor-inner-column elementor-element elementor-element-f857e0f\" data-id=\"f857e0f\" data-element_type=\"column\" data-e-type=\"column\">\n\t\t\t<div class=\"elementor-widget-wrap elementor-element-populated\">\n\t\t\t\t\t\t<div class=\"elementor-element elementor-element-6b9fa79 elementor-widget elementor-widget-text-editor\" data-id=\"6b9fa79\" data-element_type=\"widget\" data-e-type=\"widget\" data-widget_type=\"text-editor.default\">\n\t\t\t\t<div class=\"elementor-widget-container\">\n\t\t\t\t\t\t\t\t\t<p>Nous travaillons continuellement \u00e0 am\u00e9liorer et \u00e0 d\u00e9velopper nos pratiques en maintenance et en logistique sur nos \u00e9quipements de manutention. Nos employ\u00e9s sont form\u00e9s aux proc\u00e9dures de sant\u00e9 s\u00e9curit\u00e9 et d&rsquo;environnement de grandes entreprises.<\/p>\t\t\t\t\t\t\t\t<\/div>\n\t\t\t\t<\/div>\n\t\t\t\t\t<\/div>\n\t\t<\/div>\n\t\t\t\t<div class=\"elementor-column elementor-col-50 elementor-inner-column elementor-element elementor-element-9376560\" data-id=\"9376560\" data-element_type=\"column\" data-e-type=\"column\">\n\t\t\t<div class=\"elementor-widget-wrap elementor-element-populated\">\n\t\t\t\t\t\t<div class=\"elementor-element elementor-element-010ba8d elementor-widget elementor-widget-image\" data-id=\"010ba8d\" data-element_type=\"widget\" data-e-type=\"widget\" data-widget_type=\"image.default\">\n\t\t\t\t<div class=\"elementor-widget-container\">\n\t\t\t\t\t\t\t\t\t\t\t\t\t\t\t<img decoding=\"async\" width=\"1024\" height=\"768\" src=\"https:\/\/transportallaire.com\/wp-content\/uploads\/2022\/02\/2-equipement-p6-1024x768.jpg\" class=\"attachment-large size-large wp-image-372\" alt=\"\" srcset=\"https:\/\/transportallaire.com\/wp-content\/uploads\/2022\/02\/2-equipement-p6-1024x768.jpg 1024w, https:\/\/transportallaire.com\/wp-content\/uploads\/2022\/02\/2-equipement-p6-300x225.jpg 300w, https:\/\/transportallaire.com\/wp-content\/uploads\/2022\/02\/2-equipement-p6-768x576.jpg 768w, https:\/\/transportallaire.com\/wp-content\/uploads\/2022\/02\/2-equipement-p6-1536x1152.jpg 1536w, https:\/\/transportallaire.com\/wp-content\/uploads\/2022\/02\/2-equipement-p6-2048x1536.jpg 2048w, https:\/\/transportallaire.com\/wp-content\/uploads\/2022\/02\/2-equipement-p6-1440x1080.jpg 1440w\" sizes=\"(max-width: 1024px) 100vw, 1024px\" \/>\t\t\t\t\t\t\t\t\t\t\t\t\t\t\t<\/div>\n\t\t\t\t<\/div>\n\t\t\t\t\t<\/div>\n\t\t<\/div>\n\t\t\t\t\t<\/div>\n\t\t<\/section>\n\t\t\t\t<div class=\"elementor-element elementor-element-77f8eaf elementor-widget elementor-widget-image\" data-id=\"77f8eaf\" data-element_type=\"widget\" data-e-type=\"widget\" data-widget_type=\"image.default\">\n\t\t\t\t<div class=\"elementor-widget-container\">\n\t\t\t\t\t\t\t\t\t\t\t\t\t\t\t<img decoding=\"async\" width=\"1536\" height=\"553\" src=\"https:\/\/transportallaire.com\/wp-content\/uploads\/2022\/02\/Loader-bas-1536x553.jpg\" class=\"attachment-1536x1536 size-1536x1536 wp-image-361\" alt=\"\" srcset=\"https:\/\/transportallaire.com\/wp-content\/uploads\/2022\/02\/Loader-bas-1536x553.jpg 1536w, https:\/\/transportallaire.com\/wp-content\/uploads\/2022\/02\/Loader-bas-300x108.jpg 300w, https:\/\/transportallaire.com\/wp-content\/uploads\/2022\/02\/Loader-bas-1024x369.jpg 1024w, https:\/\/transportallaire.com\/wp-content\/uploads\/2022\/02\/Loader-bas-768x276.jpg 768w, https:\/\/transportallaire.com\/wp-content\/uploads\/2022\/02\/Loader-bas.jpg 1600w\" sizes=\"(max-width: 1536px) 100vw, 1536px\" \/>\t\t\t\t\t\t\t\t\t\t\t\t\t\t\t<\/div>\n\t\t\t\t<\/div>\n\t\t\t\t<div class=\"elementor-element elementor-element-a10ccc7 elementor-widget elementor-widget-spacer\" data-id=\"a10ccc7\" data-element_type=\"widget\" data-e-type=\"widget\" data-widget_type=\"spacer.default\">\n\t\t\t\t<div class=\"elementor-widget-container\">\n\t\t\t\t\t\t\t<div class=\"elementor-spacer\">\n\t\t\t<div class=\"elementor-spacer-inner\"><\/div>\n\t\t<\/div>\n\t\t\t\t\t\t<\/div>\n\t\t\t\t<\/div>\n\t\t\t\t\t<\/div>\n\t\t<\/div>\n\t\t\t\t\t<\/div>\n\t\t<\/section>\n\t\t\t\t<\/div>\n\t\t","protected":false},"excerpt":{"rendered":"<p>Service de location d&rsquo;\u00e9quipements lourds avec service m\u00e9canique \u0152uvrant dans le secteur d&rsquo;activit\u00e9 de manutention depuis 1978, nous sommes en mesure de r\u00e9pondre aux diverses exigences de nos nombreux clients. Nous offrons la location d\u2019\u00e9quipements lourds sans op\u00e9rateur ou avec op\u00e9rateur dans la r\u00e9gion de l\u2019Abitibi-T\u00e9miscamingue. Nous vous appuyons dans vos projets d\u2019impartition en besoins&hellip; <br \/> <a class=\"read-more\" href=\"https:\/\/transportallaire.com\/?page_id=39\">Lire la suite<\/a><\/p>\n","protected":false},"author":1,"featured_media":686,"parent":0,"menu_order":0,"comment_status":"closed","ping_status":"closed","template":"","meta":{"footnotes":""},"class_list":["post-39","page","type-page","status-publish","has-post-thumbnail","hentry"],"_links":{"self":[{"href":"https:\/\/transportallaire.com\/index.php?rest_route=\/wp\/v2\/pages\/39","targetHints":{"allow":["GET"]}}],"collection":[{"href":"https:\/\/transportallaire.com\/index.php?rest_route=\/wp\/v2\/pages"}],"about":[{"href":"https:\/\/transportallaire.com\/index.php?rest_route=\/wp\/v2\/types\/page"}],"author":[{"embeddable":true,"href":"https:\/\/transportallaire.com\/index.php?rest_route=\/wp\/v2\/users\/1"}],"replies":[{"embeddable":true,"href":"https:\/\/transportallaire.com\/index.php?rest_route=%2Fwp%2Fv2%2Fcomments&post=39"}],"version-history":[{"count":53,"href":"https:\/\/transportallaire.com\/index.php?rest_route=\/wp\/v2\/pages\/39\/revisions"}],"predecessor-version":[{"id":745,"href":"https:\/\/transportallaire.com\/index.php?rest_route=\/wp\/v2\/pages\/39\/revisions\/745"}],"wp:featuredmedia":[{"embeddable":true,"href":"https:\/\/transportallaire.com\/index.php?rest_route=\/wp\/v2\/media\/686"}],"wp:attachment":[{"href":"https:\/\/transportallaire.com\/index.php?rest_route=%2Fwp%2Fv2%2Fmedia&parent=39"}],"curies":[{"name":"wp","href":"https:\/\/api.w.org\/{rel}","templated":true}]}}

<div data-elementor-type="wp-page" data-elementor-id="39" class="elementor elementor-39">
						<section class="elementor-section elementor-top-section elementor-element elementor-element-0740b75 elementor-section-boxed elementor-section-height-default elementor-section-height-default" data-id="0740b75" data-element_type="section" data-e-type="section">
						<div class="elementor-container elementor-column-gap-default">
					<div class="elementor-column elementor-col-100 elementor-top-column elementor-element elementor-element-d36ae2f" data-id="d36ae2f" data-element_type="column" data-e-type="column">
			<div class="elementor-widget-wrap elementor-element-populated">
						<div class="elementor-element elementor-element-9ef1352 elementor-widget elementor-widget-heading" data-id="9ef1352" data-element_type="widget" data-e-type="widget" data-widget_type="heading.default">
				<div class="elementor-widget-container">
					<h2 class="elementor-heading-title elementor-size-default">Service de location d'équipements lourds avec service mécanique</h2>				</div>
				</div>
				<section class="elementor-section elementor-inner-section elementor-element elementor-element-922a0c0 elementor-section-boxed elementor-section-height-default elementor-section-height-default" data-id="922a0c0" data-element_type="section" data-e-type="section">
						<div class="elementor-container elementor-column-gap-default">
					<div class="elementor-column elementor-col-50 elementor-inner-column elementor-element elementor-element-114da9c" data-id="114da9c" data-element_type="column" data-e-type="column">
			<div class="elementor-widget-wrap elementor-element-populated">
						<div class="elementor-element elementor-element-064aa0a elementor-widget__width-initial elementor-widget elementor-widget-text-editor" data-id="064aa0a" data-element_type="widget" data-e-type="widget" data-widget_type="text-editor.default">
				<div class="elementor-widget-container">
									<p>Œuvrant dans le secteur d&rsquo;activité de manutention depuis 1978, nous sommes en mesure de répondre aux diverses exigences de nos nombreux clients.</p><p>Nous offrons la location d’équipements lourds sans opérateur ou avec opérateur dans la région de l’Abitibi-Témiscamingue. Nous vous appuyons dans vos projets d’impartition en besoins de machineries lourdes (et accessoires) en fournissant le support technique et le service mécanique.</p>								</div>
				</div>
					</div>
		</div>
				<div class="elementor-column elementor-col-50 elementor-inner-column elementor-element elementor-element-7ee7191" data-id="7ee7191" data-element_type="column" data-e-type="column">
			<div class="elementor-widget-wrap elementor-element-populated">
						<div class="elementor-element elementor-element-51695a8 elementor-widget elementor-widget-image" data-id="51695a8" data-element_type="widget" data-e-type="widget" data-widget_type="image.default">
				<div class="elementor-widget-container">
															<img decoding="async" src="http://transportallaire.com/wp-content/uploads/2022/01/2-equipement-p2.jpeg" title="" alt="" loading="lazy" />															</div>
				</div>
					</div>
		</div>
					</div>
		</section>
				<section class="elementor-section elementor-inner-section elementor-element elementor-element-c7bdffc elementor-section-boxed elementor-section-height-default elementor-section-height-default" data-id="c7bdffc" data-element_type="section" data-e-type="section">
						<div class="elementor-container elementor-column-gap-default">
					<div class="elementor-column elementor-col-50 elementor-inner-column elementor-element elementor-element-61fcb9e" data-id="61fcb9e" data-element_type="column" data-e-type="column">
			<div class="elementor-widget-wrap elementor-element-populated">
						<div class="elementor-element elementor-element-62b7bb6 elementor-widget elementor-widget-image" data-id="62b7bb6" data-element_type="widget" data-e-type="widget" data-widget_type="image.default">
				<div class="elementor-widget-container">
															<img fetchpriority="high" decoding="async" width="1024" height="714" src="https://transportallaire.com/wp-content/uploads/2022/02/IMG_1629-coupe-1024x714.jpeg" class="attachment-large size-large wp-image-376" alt="" srcset="https://transportallaire.com/wp-content/uploads/2022/02/IMG_1629-coupe-1024x714.jpeg 1024w, https://transportallaire.com/wp-content/uploads/2022/02/IMG_1629-coupe-300x209.jpeg 300w, https://transportallaire.com/wp-content/uploads/2022/02/IMG_1629-coupe-768x536.jpeg 768w, https://transportallaire.com/wp-content/uploads/2022/02/IMG_1629-coupe.jpeg 1518w" sizes="(max-width: 1024px) 100vw, 1024px" />															</div>
				</div>
					</div>
		</div>
				<div class="elementor-column elementor-col-50 elementor-inner-column elementor-element elementor-element-53d065a" data-id="53d065a" data-element_type="column" data-e-type="column">
			<div class="elementor-widget-wrap elementor-element-populated">
						<div class="elementor-element elementor-element-3b2501f elementor-widget elementor-widget-text-editor" data-id="3b2501f" data-element_type="widget" data-e-type="widget" data-widget_type="text-editor.default">
				<div class="elementor-widget-container">
									<p>Transport Jean-Louis Allaire est la division de Transport Allaire en manutention des équipements. Nous avons vécu avec succès l&rsquo;impartition de machinerie sur quatre sites soient, Résolu Senneterre, Comtois, Lac Clair &amp; Eacom Val-d’Or. Avec notre expérience dans les cours de moulin, nous sommes en mesure d’offrir un transfert le plus transparent possible et des conditions d&rsquo;opération sans aucun impact opérationnel.</p>								</div>
				</div>
					</div>
		</div>
					</div>
		</section>
				<section class="elementor-section elementor-inner-section elementor-element elementor-element-6a71a33 elementor-section-boxed elementor-section-height-default elementor-section-height-default" data-id="6a71a33" data-element_type="section" data-e-type="section">
						<div class="elementor-container elementor-column-gap-default">
					<div class="elementor-column elementor-col-50 elementor-inner-column elementor-element elementor-element-f857e0f" data-id="f857e0f" data-element_type="column" data-e-type="column">
			<div class="elementor-widget-wrap elementor-element-populated">
						<div class="elementor-element elementor-element-6b9fa79 elementor-widget elementor-widget-text-editor" data-id="6b9fa79" data-element_type="widget" data-e-type="widget" data-widget_type="text-editor.default">
				<div class="elementor-widget-container">
									<p>Nous travaillons continuellement à améliorer et à développer nos pratiques en maintenance et en logistique sur nos équipements de manutention. Nos employés sont formés aux procédures de santé sécurité et d&rsquo;environnement de grandes entreprises.</p>								</div>
				</div>
					</div>
		</div>
				<div class="elementor-column elementor-col-50 elementor-inner-column elementor-element elementor-element-9376560" data-id="9376560" data-element_type="column" data-e-type="column">
			<div class="elementor-widget-wrap elementor-element-populated">
						<div class="elementor-element elementor-element-010ba8d elementor-widget elementor-widget-image" data-id="010ba8d" data-element_type="widget" data-e-type="widget" data-widget_type="image.default">
				<div class="elementor-widget-container">
															<img decoding="async" width="1024" height="768" src="https://transportallaire.com/wp-content/uploads/2022/02/2-equipement-p6-1024x768.jpg" class="attachment-large size-large wp-image-372" alt="" srcset="https://transportallaire.com/wp-content/uploads/2022/02/2-equipement-p6-1024x768.jpg 1024w, https://transportallaire.com/wp-content/uploads/2022/02/2-equipement-p6-300x225.jpg 300w, https://transportallaire.com/wp-content/uploads/2022/02/2-equipement-p6-768x576.jpg 768w, https://transportallaire.com/wp-content/uploads/2022/02/2-equipement-p6-1536x1152.jpg 1536w, https://transportallaire.com/wp-content/uploads/2022/02/2-equipement-p6-2048x1536.jpg 2048w, https://transportallaire.com/wp-content/uploads/2022/02/2-equipement-p6-1440x1080.jpg 1440w" sizes="(max-width: 1024px) 100vw, 1024px" />															</div>
				</div>
					</div>
		</div>
					</div>
		</section>
				<div class="elementor-element elementor-element-77f8eaf elementor-widget elementor-widget-image" data-id="77f8eaf" data-element_type="widget" data-e-type="widget" data-widget_type="image.default">
				<div class="elementor-widget-container">
															<img decoding="async" width="1536" height="553" src="https://transportallaire.com/wp-content/uploads/2022/02/Loader-bas-1536x553.jpg" class="attachment-1536x1536 size-1536x1536 wp-image-361" alt="" srcset="https://transportallaire.com/wp-content/uploads/2022/02/Loader-bas-1536x553.jpg 1536w, https://transportallaire.com/wp-content/uploads/2022/02/Loader-bas-300x108.jpg 300w, https://transportallaire.com/wp-content/uploads/2022/02/Loader-bas-1024x369.jpg 1024w, https://transportallaire.com/wp-content/uploads/2022/02/Loader-bas-768x276.jpg 768w, https://transportallaire.com/wp-content/uploads/2022/02/Loader-bas.jpg 1600w" sizes="(max-width: 1536px) 100vw, 1536px" />															</div>
				</div>
				<div class="elementor-element elementor-element-a10ccc7 elementor-widget elementor-widget-spacer" data-id="a10ccc7" data-element_type="widget" data-e-type="widget" data-widget_type="spacer.default">
				<div class="elementor-widget-container">
							<div class="elementor-spacer">
			<div class="elementor-spacer-inner"></div>
		</div>
						</div>
				</div>
					</div>
		</div>
					</div>
		</section>
				</div>

<p>Service de location d&rsquo;équipements lourds avec service mécanique Œuvrant dans le secteur d&rsquo;activité de manutention depuis 1978, nous sommes en mesure de répondre aux diverses exigences de nos nombreux clients. Nous offrons la location d’équipements lourds sans opérateur ou avec opérateur dans la région de l’Abitibi-Témiscamingue. Nous vous appuyons dans vos projets d’impartition en besoins&hellip; <br /> <a class="read-more" href="https://transportallaire.com/?page_id=39">Lire la suite</a></p>
