{"id":593,"date":"2025-02-28T21:28:15","date_gmt":"2025-02-28T21:28:15","guid":{"rendered":"https:\/\/transportallaire.com\/?page_id=593"},"modified":"2025-12-29T14:14:15","modified_gmt":"2025-12-29T14:14:15","slug":"mesmerize","status":"publish","type":"page","link":"https:\/\/transportallaire.com\/","title":{"rendered":"Accueil"},"content":{"rendered":"\t\t<div data-elementor-type=\"wp-page\" data-elementor-id=\"593\" class=\"elementor elementor-593\">\n\t\t\t\t\t\t<section class=\"elementor-section elementor-top-section elementor-element elementor-element-7261954 elementor-section-boxed elementor-section-height-default elementor-section-height-default\" data-id=\"7261954\" data-element_type=\"section\" data-e-type=\"section\">\n\t\t\t\t\t\t<div class=\"elementor-container elementor-column-gap-default\">\n\t\t\t\t\t<div class=\"elementor-column elementor-col-100 elementor-top-column elementor-element elementor-element-b73065d\" data-id=\"b73065d\" data-element_type=\"column\" data-e-type=\"column\">\n\t\t\t<div class=\"elementor-widget-wrap\">\n\t\t\t\t\t\t\t<\/div>\n\t\t<\/div>\n\t\t\t\t\t<\/div>\n\t\t<\/section>\n\t\t\t\t<section class=\"elementor-section elementor-top-section elementor-element elementor-element-136e6a7 elementor-section-boxed elementor-section-height-default elementor-section-height-default\" data-id=\"136e6a7\" data-element_type=\"section\" data-e-type=\"section\">\n\t\t\t\t\t\t<div class=\"elementor-container elementor-column-gap-default\">\n\t\t\t\t\t<div class=\"elementor-column elementor-col-100 elementor-top-column elementor-element elementor-element-cb47e92\" data-id=\"cb47e92\" data-element_type=\"column\" data-e-type=\"column\">\n\t\t\t<div class=\"elementor-widget-wrap elementor-element-populated\">\n\t\t\t\t\t\t<div class=\"elementor-element elementor-element-a272efa elementor-widget elementor-widget-heading\" data-id=\"a272efa\" data-element_type=\"widget\" data-e-type=\"widget\" data-widget_type=\"heading.default\">\n\t\t\t\t<div class=\"elementor-widget-container\">\n\t\t\t\t\t<h2 class=\"elementor-heading-title elementor-size-default\">Bienvenue chez Transport Allaire<\/h2>\t\t\t\t<\/div>\n\t\t\t\t<\/div>\n\t\t\t\t<div class=\"elementor-element elementor-element-90dd578 elementor-widget elementor-widget-text-editor\" data-id=\"90dd578\" data-element_type=\"widget\" data-e-type=\"widget\" data-widget_type=\"text-editor.default\">\n\t\t\t\t<div class=\"elementor-widget-container\">\n\t\t\t\t\t\t\t\t\t<div style=\"color: rgb(0, 0, 0); font-family: &quot;Segoe UI&quot;; font-size: 14px; line-height: 20px;\">Depuis plus de 45 ans, <strong>Transport Allaire<\/strong> est votre partenaire strat\u00e9gique pour le transport et les services industriels en Abitibi-T\u00e9miscamingue et partout au Canada. Nous mettons notre expertise, nos \u00e9quipements sp\u00e9cialis\u00e9s et notre \u00e9quipe exp\u00e9riment\u00e9e au service de vos projets, petits ou grands.<\/div>\t\t\t\t\t\t\t\t<\/div>\n\t\t\t\t<\/div>\n\t\t\t\t<div class=\"elementor-element elementor-element-9fad18a elementor-widget elementor-widget-spacer\" data-id=\"9fad18a\" data-element_type=\"widget\" data-e-type=\"widget\" data-widget_type=\"spacer.default\">\n\t\t\t\t<div class=\"elementor-widget-container\">\n\t\t\t\t\t\t\t<div class=\"elementor-spacer\">\n\t\t\t<div class=\"elementor-spacer-inner\"><\/div>\n\t\t<\/div>\n\t\t\t\t\t\t<\/div>\n\t\t\t\t<\/div>\n\t\t\t\t\t<\/div>\n\t\t<\/div>\n\t\t\t\t\t<\/div>\n\t\t<\/section>\n\t\t\t\t<section class=\"elementor-section elementor-top-section elementor-element elementor-element-d9fed58 elementor-section-boxed elementor-section-height-default elementor-section-height-default\" data-id=\"d9fed58\" data-element_type=\"section\" data-e-type=\"section\">\n\t\t\t\t\t\t<div class=\"elementor-container elementor-column-gap-default\">\n\t\t\t\t\t<div class=\"elementor-column elementor-col-100 elementor-top-column elementor-element elementor-element-bb904a9\" data-id=\"bb904a9\" data-element_type=\"column\" data-e-type=\"column\">\n\t\t\t<div class=\"elementor-widget-wrap elementor-element-populated\">\n\t\t\t\t\t\t<div class=\"elementor-element elementor-element-3d4d5e5 elementor-widget elementor-widget-heading\" data-id=\"3d4d5e5\" data-element_type=\"widget\" data-e-type=\"widget\" data-widget_type=\"heading.default\">\n\t\t\t\t<div class=\"elementor-widget-container\">\n\t\t\t\t\t<h2 class=\"elementor-heading-title elementor-size-default\">Nos domaines d'expertise<\/h2>\t\t\t\t<\/div>\n\t\t\t\t<\/div>\n\t\t\t\t<div class=\"elementor-element elementor-element-397a523 elementor-widget elementor-widget-text-editor\" data-id=\"397a523\" data-element_type=\"widget\" data-e-type=\"widget\" data-widget_type=\"text-editor.default\">\n\t\t\t\t<div class=\"elementor-widget-container\">\n\t\t\t\t\t\t\t\t\t<div style=\"color: rgb(0, 0, 0); font-family: &quot;Segoe UI&quot;; font-size: 14px; line-height: 20px;\"><li><strong>Transport hors normes<\/strong> : Cargaisons de dimensions et poids exceptionnels, avec permis pour Qu\u00e9bec, Ontario et Canada.<\/li><li><strong>Transport g\u00e9n\u00e9ral et de vrac<\/strong> : Marchandises et minerais, partout au pays.<\/li><li><strong>Location d\u2019\u00e9quipements lourds<\/strong> : Avec ou sans op\u00e9rateur, incluant support m\u00e9canique et logistique.<\/li><li><strong>Services industriels<\/strong> : Abat poussi\u00e8re, distribution de carburant et lubrifiants pour l\u2019industrie mini\u00e8re.<\/li><\/div>\t\t\t\t\t\t\t\t<\/div>\n\t\t\t\t<\/div>\n\t\t\t\t<div class=\"elementor-element elementor-element-584b634 elementor-widget elementor-widget-spacer\" data-id=\"584b634\" data-element_type=\"widget\" data-e-type=\"widget\" data-widget_type=\"spacer.default\">\n\t\t\t\t<div class=\"elementor-widget-container\">\n\t\t\t\t\t\t\t<div class=\"elementor-spacer\">\n\t\t\t<div class=\"elementor-spacer-inner\"><\/div>\n\t\t<\/div>\n\t\t\t\t\t\t<\/div>\n\t\t\t\t<\/div>\n\t\t\t\t\t<\/div>\n\t\t<\/div>\n\t\t\t\t\t<\/div>\n\t\t<\/section>\n\t\t\t\t<section class=\"elementor-section elementor-top-section elementor-element elementor-element-7fa5e1c elementor-section-boxed elementor-section-height-default elementor-section-height-default\" data-id=\"7fa5e1c\" data-element_type=\"section\" data-e-type=\"section\">\n\t\t\t\t\t\t<div class=\"elementor-container elementor-column-gap-default\">\n\t\t\t\t\t<div class=\"elementor-column elementor-col-100 elementor-top-column elementor-element elementor-element-b9cb9a7\" data-id=\"b9cb9a7\" data-element_type=\"column\" data-e-type=\"column\">\n\t\t\t<div class=\"elementor-widget-wrap elementor-element-populated\">\n\t\t\t\t\t\t<div class=\"elementor-element elementor-element-505f667 elementor-widget elementor-widget-heading\" data-id=\"505f667\" data-element_type=\"widget\" data-e-type=\"widget\" data-widget_type=\"heading.default\">\n\t\t\t\t<div class=\"elementor-widget-container\">\n\t\t\t\t\t<h2 class=\"elementor-heading-title elementor-size-default\">Pourquoi nous choisir<\/h2>\t\t\t\t<\/div>\n\t\t\t\t<\/div>\n\t\t\t\t<div class=\"elementor-element elementor-element-91a5682 elementor-widget elementor-widget-text-editor\" data-id=\"91a5682\" data-element_type=\"widget\" data-e-type=\"widget\" data-widget_type=\"text-editor.default\">\n\t\t\t\t<div class=\"elementor-widget-container\">\n\t\t\t\t\t\t\t\t\t<div style=\"color: rgb(0, 0, 0); font-family: &quot;Segoe UI&quot;; font-size: 14px; line-height: 20px;\"><div style=\"line-height: 20px;\"><li>Une <strong>expertise reconnue<\/strong> depuis 1978<\/li><li>Une <strong>flotte moderne et diversifi\u00e9e<\/strong><\/li><li>Des <strong>solutions adapt\u00e9es \u00e0 vos besoins industriels<\/strong><\/li><li>Un <strong>engagement envers la s\u00e9curit\u00e9 et la fiabilit\u00e9<\/strong><\/li><\/div><\/div>\t\t\t\t\t\t\t\t<\/div>\n\t\t\t\t<\/div>\n\t\t\t\t<div class=\"elementor-element elementor-element-a11f7cc elementor-widget elementor-widget-spacer\" data-id=\"a11f7cc\" data-element_type=\"widget\" data-e-type=\"widget\" data-widget_type=\"spacer.default\">\n\t\t\t\t<div class=\"elementor-widget-container\">\n\t\t\t\t\t\t\t<div class=\"elementor-spacer\">\n\t\t\t<div class=\"elementor-spacer-inner\"><\/div>\n\t\t<\/div>\n\t\t\t\t\t\t<\/div>\n\t\t\t\t<\/div>\n\t\t\t\t\t<\/div>\n\t\t<\/div>\n\t\t\t\t\t<\/div>\n\t\t<\/section>\n\t\t\t\t<\/div>\n\t\t","protected":false},"excerpt":{"rendered":"<p>Bienvenue chez Transport Allaire Depuis plus de 45 ans, Transport Allaire est votre partenaire strat\u00e9gique pour le transport et les services industriels en Abitibi-T\u00e9miscamingue et partout au Canada. Nous mettons notre expertise, nos \u00e9quipements sp\u00e9cialis\u00e9s et notre \u00e9quipe exp\u00e9riment\u00e9e au service de vos projets, petits ou grands. Nos domaines d&rsquo;expertise Transport hors normes : Cargaisons&hellip; <br \/> <a class=\"read-more\" href=\"https:\/\/transportallaire.com\/\">Lire la suite<\/a><\/p>\n","protected":false},"author":6,"featured_media":0,"parent":0,"menu_order":0,"comment_status":"closed","ping_status":"closed","template":"page-templates\/homepage.php","meta":{"footnotes":""},"class_list":["post-593","page","type-page","status-publish","hentry"],"_links":{"self":[{"href":"https:\/\/transportallaire.com\/index.php?rest_route=\/wp\/v2\/pages\/593","targetHints":{"allow":["GET"]}}],"collection":[{"href":"https:\/\/transportallaire.com\/index.php?rest_route=\/wp\/v2\/pages"}],"about":[{"href":"https:\/\/transportallaire.com\/index.php?rest_route=\/wp\/v2\/types\/page"}],"author":[{"embeddable":true,"href":"https:\/\/transportallaire.com\/index.php?rest_route=\/wp\/v2\/users\/6"}],"replies":[{"embeddable":true,"href":"https:\/\/transportallaire.com\/index.php?rest_route=%2Fwp%2Fv2%2Fcomments&post=593"}],"version-history":[{"count":31,"href":"https:\/\/transportallaire.com\/index.php?rest_route=\/wp\/v2\/pages\/593\/revisions"}],"predecessor-version":[{"id":782,"href":"https:\/\/transportallaire.com\/index.php?rest_route=\/wp\/v2\/pages\/593\/revisions\/782"}],"wp:attachment":[{"href":"https:\/\/transportallaire.com\/index.php?rest_route=%2Fwp%2Fv2%2Fmedia&parent=593"}],"curies":[{"name":"wp","href":"https:\/\/api.w.org\/{rel}","templated":true}]}}